 the highest common divisor of k and 875?
125
Let c = 104 + -56. Let d = 28 + -22. What is the highest common divisor of d and c?
6
Suppose -4*b = -3*i + 8947 - 1578, 0 = -2*b - 2. What is the greatest common divisor of 20 and i?
5
Let b = -267 - -269. Suppose -3*f - b*k = -67 - 87, -2*f + 120 = -3*k. What is the highest common factor of f and 9?
9
Let p = -2205 - -2485. What is the highest common factor of p and 35?
35
Suppose -108*q + 97*q = 2508. Let r = 244 + q. What is the greatest common divisor of r and 480?
16
Let w be 746*12 + 7 + 44/(-11). What is the greatest common factor of 9 and w?
9
Let y be 0 + (-664)/(-14) + (-4)/(-7). Suppose -5*u - 4*w - 76 = 0, 2*w + 0*w = 4*u + 40. Let z = u + 24. Calculate the greatest common divisor of y and z.
12
Suppose -2*l = 28 - 18. Let y be 12/(-10)*l + 5. What is the greatest common divisor of 3 and y?
1
Let v = -6 + 8. Suppose -25 = -3*t + v*t. Let y(k) = -70*k + 435. Let h be y(3). What is the greatest common factor of t and h?
25
Let i = -3141 - -3195. What is the greatest common divisor of 1062 and i?
18
Suppose m - 514 = -3. Suppose -m = -4*v + 289. What is the highest common divisor of v and 8?
8
Suppose -10*a + 164 = 124. Let o be (165 - 5)/2 + a. Calculate the highest common divisor of o and 112.
28
Suppose 40*n = 45*n - 60. Suppose -33*i = -27*i - n. Suppose -c + i = -21. Calculate the highest common divisor of c and 253.
23
Let d(u) = -28*u - 2. Let x be d(-4). Let s be 4 - 35/((-14)/(-2)). Let w be (60 + -30)*s/(-3). Calculate the greatest common divisor of x and w.
10
Suppose -z + 2*x = -82, -186*x = 2*z - 187*x - 167. Calculate the highest common divisor of z and 1316.
28
Let w be (-1)/((-4 - -1)/12). Let y(d) = -d**2 + 6*d - 14 + 15 + 2*d**2. Let q be y(-6). Calculate the highest common factor of w and q.
1
Let t = 7880 + 926. Calculate the greatest common divisor of t and 14.
14
Let d = 86 - 89. Let b(q) be the first derivative of -37*q**2 - 6*q - 7. Let s be b(d). Calculate the greatest common divisor of 24 and s.
24
Let f = 235 + -211. Suppose 2*y + j - 149 = 0, 0 = -y + 4*j + 55 + f. What is the highest common divisor of 30 and y?
15
Suppose -v = 2 - 6. Suppose 0 = -7*d + 2 + 33. Suppose 10 = d*w, 3*j + v*w + 52 = 6*j. What is the highest common divisor of j and 100?
20
Suppose -3*q = -7*q + 440. Suppose -23*y = -71*y + 11403 + 7077. What is the greatest common factor of q and y?
55
Let p(w) = -2*w**3 + 19*w**2 + 27*w - 37. Let y be p(9). Calculate the greatest common factor of 451 and y.
41
Let x be (-4800)/360*114/(-5). What is the greatest common factor of x and 144?
16
Let l be ((-6)/(-9))/((-8)/(-852)). Suppose -l*m - 5 = -72*m. Calculate the highest common divisor of 85 and m.
5
Suppose -15*g + 26 = -2*g. Suppose -g*y + 3 = y. Let z be (-36)/(-5) - (2/(-10))/(-1). Calculate the greatest common factor of z and y.
1
Let r(t) = 56*t**2 - 64*t**2 + 46*t - 254 + 7*t**2. Let f be r(38). What is the highest common factor of f and 275?
25
Suppose r + 5*r - 228 = 0. Suppose 0 = 5*w - w - 760. Calculate the highest common divisor of r and w.
38
Suppose 800 = 138*q - 8032. What is the greatest common factor of 14528 and q?
64
Suppose 48*z = -52*z + 97*z + 21. What is the greatest common factor of z and 1?
1
Suppose -2*z + 3*d + 79 = 0, 0*z + 4*z = -2*d + 118. Let f be -42*(1668/(-84) - -13). What is the highest common divisor of z and f?
32
Suppose -2*p - 2*u + 10 = -36, 0 = -3*p + 3*u + 75. Calculate the highest common divisor of p and 76.
4
Suppose -7*a = 21*a - 1120. Suppose 0 = -2*j + 114 + a. What is the greatest common divisor of j and 7?
7
Let q(i) = -6*i**2 - 41*i + 7. Let c be q(-7). Let n be (2 + 0)*(c + (-407)/(-2)). What is the highest common divisor of n and 22?
11
Let b(f) = 8*f + f**2 - 1 + 9*f - 20*f + 5. Let l be b(3). Suppose 2*y = 5*r - r - 10, l*r - 28 = -4*y. What is the highest common divisor of 2 and r?
2
Let w(x) = 14*x - 57. Let p be w(20). Suppose 0 = 9*q - p - 587. Suppose 2*t + 5*o = 285, -o = -4*t + 7*t - 408. What is the highest common divisor of t and q?
45
Suppose -19*u = 20*u + 7020. Let f = u + 188. Calculate the highest common factor of f and 392.
8
Suppose 18*w = 48 - 48. Let y = w - -143. Suppose 0 = -5*f + 3*f + 6, 5*f = 4*q - 37. Calculate the greatest common divisor of y and q.
13
Suppose -809 = 74*d - 10093 - 1594. What is the highest common divisor of 7203 and d?
147
Suppose 0 = -2*u + 56 - 46. Let j be (-52)/(-10)*u*(-10)/(-2). What is the highest common factor of 2 and j?
2
Suppose 9*d = 48 + 15. Suppose -d*o + 1088 - 360 = 0. What is the greatest common factor of 13 and o?
13
Let n be 129/4 - (-1)/(-4). Let p be (-2 - 0) + (-28)/(2 + -9). Suppose 3*z = p*y - 35, 4*z + 48 = 5*y - 36. Calculate the greatest common factor of n and y.
16
Let n = 4791 + -4326. Calculate the highest common factor of n and 420.
15
Suppose -418*m - 2921975 + 16570511 = 0. What is the greatest common factor of 36 and m?
36
Suppose 5*d - 29 = -2*y, -2*y + 33 = 5*d + 2*y. Let p be 4 + ((-9)/(-18))/((-1)/4). Suppose p*i = d*i - 252. Calculate the greatest common factor of 12 and i.
12
Suppose w = 78 + 72. Let z = -4998 + 5004. What is the highest common factor of w and z?
6
Let l be (-122)/(-793) - (-1012)/13. Calculate the greatest common divisor of 754 and l.
26
Let i(s) = 3811*s + 358. Let g be i(3). What is the greatest common factor of 13 and g?
13
Suppose 16980 = 4*x - 3*o, 59*x - 16980 = 55*x + 5*o. Calculate the greatest common factor of 45 and x.
15
Let n be (-31)/(-7) - (28/49)/(-1). Suppose -n*z + 937 = 352. Calculate the greatest common divisor of z and 9.
9
Let i = 1909 + -1594. Calculate the highest common factor of 294 and i.
21
Let p = -15971 + 16675. What is the greatest common factor of p and 560?
16
Let o(t) = 33*t**3 - 2*t**2 + 13*t - 38. Let i be o(3). What is the highest common factor of i and 76?
38
Suppose 4*n = 4*l + 80, -n + 12 = -3*l - 12. Suppose -151*y = -51*y - 27*y + 4745. Let u be n + -16 - 2*y. What is the highest common factor of u and 33?
33
Let k = -1487 - -1489. Let o(b) = b**3 - b**2 + b + 2. Let l be o(0). Calculate the greatest common divisor of k and l.
2
Suppose 15660 = -10802*d + 10889*d. What is the highest common divisor of 1500 and d?
60
Let h be (-3015)/(-12) - -4 - (-8 - (-198)/24). What is the greatest common divisor of 705 and h?
15
Let x(m) = -m**3 + 6*m**2 - m. Let u be x(5). Suppose 11*b = 8*b. Suppose b = -2*k - 3*k + 300. Calculate the highest common factor of u and k.
20
Suppose -5*d - 1 = -76. Suppose 4*l = -2*j + 36, d = l - 0*j - j. Suppose -5*g = 3*o - 0*g + 22, -5*o - g = 0. Calculate the greatest common divisor of l and o.
1
Suppose 9*q = 14*q + 355. Let d = -16 - q. What is the highest common divisor of d and 5?
5
Let z be (-84)/(-8)*(-6586)/(-111). Calculate the highest common factor of 35 and z.
7
Let b(x) = 5*x - 35. Let d be b(21). Let j be 5/(d/4) + 21114/189. What is the greatest common divisor of j and 16?
16
Let z(a) = 6*a + 1113. Let q be z(26). What is the greatest common factor of q and 235?
47
Let b be ((-13)/4)/((-1)/4). Let w = 280 + -254. Suppose -6*f = -4*f - w. Calculate the greatest common factor of b and f.
13
Let z = 33 + 33. Let y = -63 + z. Suppose -9*i + 168 = -y*i. Calculate the highest common factor of 56 and i.
28
Suppose -27*q - 1222 = -5*r - 30*q, -4*q + 241 = r. Calculate the highest common divisor of 10 and r.
5
Suppose 637 = 5*u - 83. Suppose -4*d = -9 - 63. Calculate the highest common divisor of u and d.
18
Suppose -17*j = -10*j - 7469. Suppose 4827 = 10*t + j. Calculate the greatest common divisor of t and 47.
47
Let n(r) = r**3 + 10*r**2 - 3*r - 28. Let p be n(-10). Suppose 0 = -4*b + 4, 2*v + 4*b - 9 = 103. Calculate the highest common factor of p and v.
2
Suppose 85*z = -111*z + 2130820 + 106912. Calculate the highest common factor of z and 932.
233
Let d = 7021 + -6971. Let l = 36 - -33. Suppose -2*x + 43 + 15 = 4*k, -l = -3*x + 3*k. What is the highest common factor of x and d?
25
Let x(v) = 78*v + 78. Let k be x(4). Calculate the greatest common factor of k and 10.
10
Let x = 56 - -196. Let o(h) = 217*h + 707. Let g be o(-3). What is the highest common factor of x and g?
28
Suppose -3*l - g + 21 = l, -4*g = -20. Suppose 3 = l*q - 89. Suppose -4*m + 4*x + 359 + 33